ist the prime factors of 525836608.
2, 11, 733, 1019
What are the prime factors of 353457460?
2, 5, 17672873
What are the prime factors of 1667608158?
2, 3, 67, 4148279
What are the prime factors of 51408111?
3, 167, 102611
What are the prime factors of 508547419?
73, 227, 30689
What are the prime factors of 32048109?
3, 557, 2131
List the prime factors of 1633720739.
7, 31, 7528667
What are the prime factors of 119517281?
13, 9193637
What are the prime factors of 118919700?
2, 3, 5, 229, 577
List the prime factors of 3285440043.
3, 17, 19, 3390547
List the prime factors of 15064394.
2, 1669, 4513
List the prime factors of 9191265.
3, 5, 612751
List the prime factors of 64898176.
2, 7, 72431
List the prime factors of 218575950.
2, 3, 5, 269, 5417
List the prime factors of 63351343.
11, 5759213
List the prime factors of 96013054.
2, 1051, 45677
List the prime factors of 34105343.
23, 419, 3539
What are the prime factors of 93309953?
11, 8482723
List the prime factors of 160067032.
2, 37, 631, 857
List the prime factors of 20075081.
13, 677, 2281
List the prime factors of 488257380.
2, 3, 5, 13, 208657
What are the prime factors of 294484586?
2, 11, 157, 85259
What are the prime factors of 570604145?
5, 29, 269, 14629
What are the prime factors of 84136075?
5, 3365443
What are the prime factors of 4269658?
2, 41, 52069
List the prime factors of 1015029.
3, 29, 3889
What are the prime factors of 26272838?
2, 97, 135427
List the prime factors of 8671176069.
3, 2890392023
List the prime factors of 2570884089.
3, 856961363
What are the prime factors of 265163508?
2, 3, 593, 12421
What are the prime factors of 1221616753?
7, 17, 37, 107, 2593
What are the prime factors of 9871833?
3, 47, 53, 1321
List the prime factors of 243412892.
2, 29, 241, 8707
List the prime factors of 1844415797.
7, 89, 431, 6869
List the prime factors of 37069300.
2, 5, 370693
What are the prime factors of 1930524255?
3, 5, 11, 1951, 1999
List the prime factors of 122794615.
5, 211, 239, 487
What are the prime factors of 38297592?
2, 3, 531911
List the prime factors of 714790426.
2, 7, 1999, 25541
What are the prime factors of 954250501?
19391, 49211
List the prime factors of 760172431.
41, 109, 170099
List the prime factors of 3313620854.
2, 1656810427
What are the prime factors of 97624700?
2, 5, 313, 3119
List the prime factors of 215079666.
2, 3, 5807, 6173
What are the prime factors of 715730000?
2, 5, 19, 3767
What are the prime factors of 102192789?
3, 103, 330721
List the prime factors of 151766537.
13, 11674349
What are the prime factors of 37176480?
2, 3, 5, 11, 2347
List the prime factors of 79806790.
2, 5, 7, 271, 601
What are the prime factors of 25778853?
3, 67, 42751
List the prime factors of 99055743.
3, 47, 702523
List the prime factors of 294248231.
19, 15486749
What are the prime factors of 880186124?
2, 220046531
List the prime factors of 2727847350.
2, 3, 5, 6061883
List the prime factors of 781420109.
29, 103, 131, 1997
List the prime factors of 159641280.
2, 3, 5, 2053
What are the prime factors of 107838200?
2, 5, 41, 13151
List the prime factors of 45443166.
2, 3, 457, 16573
What are the prime factors of 179606335?
5, 19, 1890593
List the prime factors of 695445665.
5, 29, 43, 111539
What are the prime factors of 273372590?
2, 5, 73, 374483
What are the prime factors of 216751954?
2, 23, 1979, 2381
List the prime factors of 32964262.
2, 37, 445463
What are the prime factors of 4362055?
5, 872411
What are the prime factors of 492745826?
2, 139, 1772467
List the prime factors of 110753207.
59, 179, 10487
What are the prime factors of 1858078134?
2, 3, 11, 19, 53, 9319
List the prime factors of 120384053.
191, 281, 2243
What are the prime factors of 84778786?
2, 1103, 38431
List the prime factors of 42369042.
2, 3, 467, 15121
List the prime factors of 1553514717.
3, 29, 17856491
What are the prime factors of 146250247?
11, 13, 1022729
What are the prime factors of 50720095?
5, 17, 596707
List the prime factors of 4392112970.
2, 5, 7, 2791, 22481
What are the prime factors of 959132608?
2, 7, 229, 9349
List the prime factors of 676083619.
31, 3319, 6571
What are the prime factors of 589159801?
79, 167, 44657
List the prime factors of 74708805.
3, 5, 4980587
What are the prime factors of 8507186?
2, 4253593
List the prime factors of 52014168.
2, 3, 29, 859
What are the prime factors of 695148974?
2, 13, 59, 453161
List the prime factors of 4948184.
2, 293, 2111
What are the prime factors of 44385006?
2, 3, 7397501
What are the prime factors of 37380918?
2, 3, 6230153
What are the prime factors of 594621878?
2, 1951, 152389
What are the prime factors of 36449297?
36449297
List the prime factors of 124196710.
2, 5, 11, 211, 5351
What are the prime factors of 2609924?
2, 59, 11059
What are the prime factors of 2627336608?
2, 13, 6315713
What are the prime factors of 1622202992?
2, 101387687
List the prime factors of 43081702.
2, 19, 79, 113, 127
List the prime factors of 424618521.
3, 599, 236293
What are the prime factors of 5428195?
5, 41, 26479
What are the prime factors of 54015302?
2, 11, 79, 31079
What are the prime factors of 459766008?
2, 3, 13, 151, 3253
List the prime factors of 252227070.
2, 3, 5, 61, 45943
What are the prime factors of 77298296?
2, 127, 76081
List the prime factors of 76653898.
2, 47, 127, 6421
What are the prime factors of 138553207?
13, 569, 18731
List the prime factors of 43068827.
31, 137, 10141
List the prime factors of 49760234.
2, 241, 103237
What are the prime factors of 45875886?
2, 3, 7, 1092283
List the prime factors of 761158587.
3, 7, 59, 614333
What are the prime factors of 1909459375?
5, 611027
What are the prime factors of 129506826?
2, 3, 1409, 15319
What are the prime factors of 285641127?
3, 10579301
What are the prime factors of 2838587161?
157, 2749, 6577
What are the prime factors of 208826742?
2, 3, 17, 37, 55333
What are the prime factors of 69292044?
2, 3, 311, 2063
List the prime factors of 1021804932.
2, 3, 733, 116167
What are the prime factors of 42435246?
2, 3, 7, 19, 41, 1297
List the prime factors of 1008198913.
53, 19022621
What are the prime factors of 110148143?
7, 313, 50273
What are the prime factors of 2207012313?
3, 11, 769, 86969
What are the prime factors of 4817854324?
2, 1567, 768643
List the prime factors of 278691659.
17, 37, 67, 389
List the prime factors of 80304417.
3, 541, 16493
What are the prime factors of 2923671535?
5, 31, 73, 258389
What are the prime factors of 72506761?
72506761
What are the prime factors of 12890003?
7, 1841429
What are the prime factors of 6164058813?
3, 11, 186789661
List the prime factors of 254204399.
254204399
List the prime factors of 2826436295.
5, 19, 29751961
List the prime factors of 36927376.
2, 293, 7877
What are the prime factors of 26234432?
2, 7, 31, 1889
What are the prime factors of 22131669?
3, 7, 29, 36341
What are the prime factors of 23257362?
2, 3, 29, 73, 1831
List the prime factors of 1135478409.
3, 13, 229, 127139
What are the prime factors of 2105379705?
3, 5, 11, 13, 17, 57737
What are the prime factors of 205016663?
673, 304631
List the prime factors of 615359313.
3, 2677, 25541
List the prime factors of 174668678.
2, 87334339
What are the prime factors of 32813036?
2, 29, 191, 1481
What are the prime factors of 1198255720?
2, 5, 2551, 11743
What are the prime factors of 656282355?
3, 5, 43752157
List the prime factors of 1725357990.
2, 3, 5, 5953, 9661
What are the prime factors of 404798872?
2, 50599859
What are the prime factors of 19071378?
2, 3, 47, 22543
List the prime factors of 1226698097.
18289, 67073
List the prime factors of 1393787380.
2, 5, 43, 151, 10733
What are the prime factors of 157571641?
37, 4258693
What are the prime factors of 954467860?
2, 5, 47723393
List the prime factors of 1413282645.
3, 5, 31406281
What are the prime factors of 375708992?
2, 947, 6199
List the prime factors of 5021660279.
41, 122479519
What are the prime factors of 279871747?
53, 409, 12911
What are the prime factors of 42787755?
3, 5, 950839
What are the prime factors of 84768221?
37, 2291033
List the prime factors of 614926258.
2, 307463129
List the prime factors of 303190981.
12527, 24203
List the prime factors of 17005892.
2, 